t/(-38))*-2)?
1
Suppose -3*l = -3*i + 34830, -l + 15652 = -4*i + 62077. What is the units digit of i?
5
Let g(j) = j**2 + 2*j - 1. Let s be g(-3). Suppose -4*r - 20 = s*n, 3*n + 21 = -4*r + 5. Let v = 17 + r. What is the units digit of v?
0
Suppose 2*q + 5*x - 6 = -2, 8 = 4*q - 4*x. Suppose -682 = -4*m + 5*a + 2794, 0 = -q*a. What is the hundreds digit of m?
8
Let l = 1 + -1. Suppose l*g - 1075 = -5*g. Suppose -3*s + g = 2*x, -5*x - 2*s - 2*s + 548 = 0. What is the units digit of x?
2
Suppose 0 = -v + 59 + 81. Let b = v - -1. What is the units digit of b?
1
Let a = 325 - 323. Suppose -3*q + 4390 - 884 = a*v, -3*v + 1157 = q. What is the tens digit of q?
7
Let l = 149127 + -100793. What is the tens digit of l?
3
Let x = 30310 + -10967. What is the tens digit of x?
4
Suppose -2*k - 340 = 652. Let p = 1489 + k. What is the units digit of p?
3
Let q(i) = -i**2 - 20*i + 2098. Let p be q(0). Suppose 0 = 10*t - 1572 - p. What is the units digit of t?
7
Suppose 39*r - 53*r + 56 = 0. Suppose -4*c + a = -3036, 0*c - r*a - 2277 = -3*c. What is the hundreds digit of c?
7
Let s be (1/(-2))/(-1)*2*5. Let w be 1/(-5) + 36/s. Suppose q + w = 84. What is the units digit of q?
7
Suppose -246 = 53*i + 19. Let z(q) = -56*q - 3. Let t be z(3). Let u = i - t. What is the hundreds digit of u?
1
Let w(x) = 1097*x - 4907. What is the hundreds digit of w(35)?
4
Let q(p) = -3*p**2 + 3*p**2 - p**3 + 2*p**3 - p + 10. Let j(h) = -h**3 + 2*h + 1. Let x be j(-1). What is the tens digit of q(x)?
1
Suppose -4*v = 2*y + 260, 0*y - 2*y + 124 = -2*v. Let l = -58 - v. Suppose 424 = l*d - 50. What is the units digit of d?
9
Suppose 2*n + 39 = -n - 3*h, n + 1 = 2*h. Let r be (n - 4)/((-2)/38). Suppose 2*s + 2*o - 270 = 0, -2*s = 5*o - r - 8. What is the tens digit of s?
4
Let v(u) = u**3 + 36*u**2 + 43*u - 45. Let t(c) = -c**2 - c - 1. Let a(o) = 2*t(o) + v(o). What is the hundreds digit of a(-32)?
6
What is the tens digit of ((-113849)/34 - -9)/((-1)/4)?
5
Let o(v) = v**3 - 16*v**2 + 17*v + 2. Let g(u) = u**3 - 16*u**2 + 16*u + 1. Let f(l) = -5*g(l) + 4*o(l). What is the units digit of f(6)?
1
Let b(c) = 27 - 194*c + 3*c**2 - 197*c + 431*c. What is the hundreds digit of b(-23)?
6
Let d = 6410 - 1764. What is the units digit of d?
6
Let n = 182 + -960. Let k = n + 1321. What is the units digit of k?
3
Let p(k) = -k**3 + 6*k**2 + 10*k - 1. Let r be p(7). Let o be -2*-20*r/(-5). What is the tens digit of ((-30)/20)/(6/o)?
4
Let i = 246 + -240. Suppose 0 = i*l - 5*l - 380. What is the units digit of l?
0
Let n(y) = -9*y**3 - 57*y**2 + 15*y + 65. What is the tens digit of n(-14)?
7
Let x be 2*(-1)/6 + 160/30. Suppose x*i = 2*q - 782, -4*q = -5*i - 1055 - 519. What is the hundreds digit of q?
3
Let b be (6*-1)/(87/(-5539)). Let a = b - 219. What is the tens digit of a?
6
Suppose 2*s - 36 = -5*h, -4*h + 5*s - 6 = -15. What is the tens digit of (-2977)/(-7) - h/21 - 0?
2
Let v = -13 + 14. Suppose -i + 8 = 2*k + 3*i, 5*i - v = 2*k. Suppose 2*j + 0*z - 22 = 2*z, -k*j + 12 = 3*z. What is the units digit of j?
9
Let u(b) = 284*b + 2. Suppose -3*g + 39 - 1 = 5*l, -5*g - l + 34 = 0. What is the tens digit of u(g)?
0
Suppose 0 = -4*u - 2*b + 12, -u + 4 + 6 = 4*b. Let z(y) = 0*y**3 - 2*y**3 - 12 - 5*y**u + 5*y - 7*y**3 + 10*y**3. What is the units digit of z(5)?
3
Let j(q) = q**2 - 7*q + 8. Suppose 3*s - f + 5*f + 2 = 0, -2*s + 10 = -3*f. Suppose -2*r = -20 - s. What is the tens digit of j(r)?
5
Suppose -12*c + 16*c + 2*p = 141442, -3*p = 4*c - 141445. What is the units digit of c?
9
Suppose -16*u - 25*u + 14*u = -471663. What is the thousands digit of u?
7
Suppose 4*v = 5*v + 4*h + 63, 5*h - 20 = 0. Let u = 616 - v. Suppose -2*t - u = -7*t. What is the units digit of t?
9
What is the tens digit of (2460/(-60))/((-1)/189)?
4
Let p(l) = l**3 + 19*l**2 - 8. Let x be p(-8). Suppose 0 = 2*w + 4*a - x, -5*a + 442 = 4*w - 959. What is the tens digit of w?
5
Let s be ((-1512)/96)/((-2)/(-16)). What is the units digit of (-1*(-44)/(-12))/(2/s)?
1
Suppose 9*j - 54*j + 1006040 = 25*j. What is the tens digit of j?
7
Suppose 0 = -q + 2*j + 40, 128 = 4*q + 5*j + 7. Suppose 99 = -w - q. What is the units digit of -1 + 2 + 4 - w?
8
Let a = 154785 - 82063. What is the hundreds digit of a?
7
Suppose 0 = 4*h - 0 - 16. Suppose t - i - 318 = 0, -h*i + 31 = t - 262. What is the units digit of t?
3
What is the thousands digit of (-1*36/(-6))/((-6)/(-5718))?
5
Suppose -4*o = -3*m - 960, 282 = 3*o + 4*m - 438. Let x = 744 + o. What is the tens digit of x?
8
Let s be (-1717)/(-7) + (5 - (-74)/(-14)). Suppose 4*c = -3*h + 4*h - s, -4*h + 932 = -4*c. What is the tens digit of h?
2
Suppose 7*f = -2*f - 540. Let d be (-2 - -3)/(-1 - f/55). Suppose 0 = d*q - 1882 + 738. What is the hundreds digit of q?
1
Suppose -68*g - 77559 + 855343 = 0. What is the ten thousands digit of g?
1
Let x(g) = g**3 + 15*g**2 - 17*g - 2. Let q be x(-16). Suppose -4*h - n = -q - 1701, 0 = -h - 4*n + 425. What is the units digit of h?
9
Let j = 65 - 30. Let u = -30 + j. Suppose 0*g - 4*g - 20 = 0, 310 = u*o - 3*g. What is the units digit of o?
9
Let k = 467 - 343. Suppose 110*r + 11998 = k*r. What is the hundreds digit of r?
8
Suppose 7*x + 2053 = q + 10*x, -4*q = -2*x - 8282. What is the units digit of q?
8
Let g(o) = o**3 + 9*o**2 + 8*o + 9. Let r be g(-8). Let z = r - 25. Let i = 31 + z. What is the units digit of i?
5
Let l = -9 + 31. Let g(y) = l + 0 + 28*y - 1 - 3. What is the hundreds digit of g(3)?
1
Let j = 3 - 1. Let c(u) = u - 6. Let f be c(j). What is the units digit of ((-2)/f)/((-5)/10) + 64?
3
Suppose 0 = -3*y - 30 + 42. Suppose -3*b + y = -5. Suppose b*d - 10*f + 9*f = 797, f + 1063 = 4*d. What is the tens digit of d?
6
Suppose -4*o - 4*f - 8 = o, -f = -3. Let j be 52/14 + o - (-18)/14. What is the units digit of ((-6)/8)/(3/(-96)*j)?
4
Let r(h) = -80 - 115*h - 38 - 12 - 63. What is the units digit of r(-3)?
2
Suppose -2*d + 101 = -2*z + d, 0 = z + d + 63. What is the hundreds digit of -51*z/1*(-2)/(-12)?
4
What is the hundreds digit of -8 - (13 + -21) - -8216?
2
Let y be 6/10 - 111/185. Suppose b - 1104 = h, y = b - 2*h + 509 - 1610. What is the tens digit of b?
0
Let h(b) = b**3 - 3*b**2 - 6*b + 22. Let n be h(9). Let g = n - 88. What is the tens digit of g?
6
Suppose 25488 = -106*y + 34*y. Suppose -4*r = 2*j + 834, -3*r + 413 = -5*r + 3*j. Let u = r - y. What is the tens digit of u?
4
Let p(y) = y**3 - 74*y**2 + 17*y + 236. What is the thousands digit of p(75)?
7
Suppose -4*w - 5*h - 220 = -917, -2*w - 5*h + 341 = 0. Let i be (-6 + 336/70)/((-3)/10). What is the hundreds digit of w/1 + (i/(-2) - -6)?
1
What is the ten thousands digit of (-593)/((-3)/(-2) - 32398/21340)?
3
Suppose -3*v = -4*t + 29743, -5*v = 3*t - 10363 - 11908. What is the hundreds digit of t?
4
Suppose 2*r + 3*z - 9231 = 0, 69*r - 70*r + 5*z = -4635. What is the thousands digit of r?
4
Let d be (-3)/6*-10 - 0. Suppose -4*h + 6 + 19 = d*u, 5*u = h. Suppose -2*w + 99 + 325 = 5*z, -2*w + h*z = -444. What is the hundreds digit of w?
2
Suppose 22*j + 75 = 17*j. Let c(q) = -q**2 - 14*q + 18. Let r be c(j). Let l = 30 - r. What is the units digit of l?
7
Let k(r) = 5 - 19 - 2*r - 4. Let t be k(-11). Suppose -5*x + 5*d + 435 = 0, -d = -t*x - 4*d + 362. What is the units digit of x?
9
Let t = 29244 + -14199. What is the tens digit of t?
4
Suppose 74*m - 18*m - 1241270 = 37*m. What is the units digit of m?
0
Let z(p) = 127*p**2 + 123*p - 733. What is the tens digit of z(6)?
7
Suppose 5*y - 243 = 3*h, 2*h - 6*y + 162 = -y. Suppose 10*o - 4680 = -20*o. Let q = h + o. What is the units digit of q?
5
Suppose 3*m = 12, 118*g - m - 20621 = 115*g. What is the thousands digit of g?
6
Let o be ((-4)/(-8)*0)/(-2). Suppose 2*p - p - 96 = 2*s, -4*p - 16 = o. What is the tens digit of 2 + -4 - (s - 3)?
5
What is the thousands digit of (-7)/((-14)/52032) - -7 - (-10)/(-2)?
6
Suppose 4*r = -165*t + 160*t + 28158, 5*t = -3*r + 21111. What is the thousands digit of r?
7
Suppose -n = -4, 0 = 3*s + 18*n - 23*n - 64. What is the tens digit of (3/(-4) - 46/(-8))*s?
4
Let m be 96/72 + 26*(-1)/(-3). Suppose -19*y + 2259 = -m*y. What is the tens digit of y?
5
Let w(n) = 80*n**2 - n + 4. Let y be w(6). Let b = y + -2056. What is the hundreds digit of b?
8
Let b be 277 - ((-4)/4 - 3). Suppose 0